e (216/3 - 3) + 4. Let z = -20 + g. What is the units digit of z?
3
Let f = 87 - 124. Let r be 52/(-10)*(0 - -5). Let y = r - f. What is the tens digit of y?
1
Let h(s) = -s + 1. Let x = -3 + -1. Let p be h(x). Let q = p + -1. What is the units digit of q?
4
Let j(o) = -o**3 + 5*o**2 + 2*o - 6. What is the units digit of j(5)?
4
Suppose -2*g = -4*g + 6. Suppose y - 4*y = -g. What is the units digit of y?
1
Suppose -9 = -3*p - 4*z + 23, -3*p - 5*z = -37. Suppose -p*j = -b + 5*b - 16, 2*b = -5*j + 20. What is the units digit of j?
4
Let j be (-1)/((4/10)/(-2)). Suppose 3*v - u + j = -2, -5*u + 16 = 4*v. What is the tens digit of (21/v)/(18/(-12))?
1
Let y = -17 - -22. What is the units digit of y?
5
Let m = 49 + -35. Suppose 0 = 2*y + 5*u - m, -2*y + 2*u + 2*u = -32. What is the units digit of y?
2
Let k be (-714)/(-30) + 3/15. What is the units digit of ((-12)/k)/((-2)/172)?
3
Let i = 171 + -83. What is the tens digit of i?
8
Let y be (-6)/4*(-3 - -1). Suppose 4*n - 3*q - 49 = 0, y + 0 = -q. What is the units digit of n?
0
Let t(z) = 13*z + 7. What is the units digit of t(7)?
8
Let j = 872 - 469. What is the units digit of j?
3
Suppose -2*b - 5*g = -0*b - 164, 2*b = 4*g + 128. What is the units digit of b?
2
Suppose 4*g - 4*c - 50 = -6*c, 2*c = -2*g + 22. What is the tens digit of g?
1
Suppose 6*v - 2*v = -5*h + 733, -6 = -3*v. Suppose 5*p + h = 5*g, g + 7*p = 3*p + 19. What is the units digit of g?
7
Let u(s) = s**2 - s + 1. What is the units digit of u(3)?
7
Let u = -5 + 6. Suppose -36 = -4*z - a, 2*a = 2*z - 17 - u. What is the units digit of z?
9
Suppose 3*q = -9 + 3. What is the units digit of -1 + 2 + q - -20?
9
Suppose 0 = -10*k + 5*k + 25. What is the units digit of k?
5
Suppose -h = -12 + 8. What is the units digit of h?
4
Suppose 6*w - 126 - 1548 = 0. What is the tens digit of w?
7
Suppose -3*c + 51 = -87. What is the units digit of c?
6
Let n = -97 - -183. What is the units digit of n?
6
Suppose 5*u - 2*g - 6 = 4*u, 3 = 2*u - g. Suppose u*q = 2*q - 10. Suppose 0*l - 30 = -q*l. What is the units digit of l?
6
Suppose 4*m = 2*q - 60, -5*q + 150 = -0*q - 5*m. What is the tens digit of q?
3
Let y = -415 - -636. What is the units digit of y?
1
Suppose -l - 4 - 2 = 2*f, -2*l + 12 = -4*f. Let b(j) = 4*j**2 + 2*j + 3. Let n be b(f). Let w = -17 + n. What is the units digit of w?
6
Let a(n) = -25*n - 15. What is the hundreds digit of a(-5)?
1
Let a = 508 + -154. What is the units digit of a?
4
Let l(v) = 4*v - 12. Let y be l(8). What is the tens digit of y + 2 + -6 + 3?
1
Suppose b - 1 = 1. Suppose b*t = -2 - 2. What is the units digit of 1/((-1)/(10/t))?
5
Let w(y) = -60*y + 10. What is the units digit of w(-1)?
0
Let h = 189 + -23. What is the units digit of h?
6
Let q(k) = 2*k + 51. What is the tens digit of q(0)?
5
Suppose -5*q + 270 = 5*v, q + 290 = 5*v + 2*q. What is the tens digit of v?
5
Let t(r) = -4*r**3 - r**2 + 2*r + 2. What is the units digit of t(-1)?
3
Let m = 4 - -70. What is the tens digit of m?
7
What is the units digit of -1 - (-37 - 1) - (-6)/6?
8
Let i = 12 + -8. Let w be 2/i*62 + 2. Let n = w - 16. What is the units digit of n?
7
What is the tens digit of ((-72)/15)/(84/(-450))*7?
8
Let p = 71 + -34. What is the units digit of p/(-2 - -4 - 1)?
7
Suppose 0 = h - 3*n - 181, 2*h - h = -3*n + 169. What is the hundreds digit of h?
1
Suppose 3*v = -5*v + 2312. What is the hundreds digit of v?
2
Let j = -1 - -4. Suppose 0 = m - a - 10 - 1, -2*a = -j*m + 38. What is the tens digit of m?
1
Suppose -4*d + d + 2*j = -151, 4*j = -d + 55. What is the tens digit of d?
5
What is the units digit of 5/10 - (-126)/4?
2
Suppose k = -k + w + 269, 121 = k + 4*w. What is the units digit of k?
3
Suppose 0 = x + 2*x - 9. Suppose x*r - 2 = 7. Suppose -h - r*y + 18 = 0, -y + 6*y = 5*h - 10. What is the units digit of h?
6
Let p(n) = -n**3 - 4*n**2 + 8*n + 4. Let v be p(-5). Let u = -2 - v. What is the units digit of u?
9
Let g be 1 + 0 + 1 - -2. Suppose 5*j + 18 - 3 = 0, 3*j + g = 5*u. What is the units digit of (-3)/(-6)*(3 + u)?
1
Let f be (-6)/(-15) - (-51)/(-15). Let r = 12 + f. What is the units digit of r?
9
What is the tens digit of (141/4)/(6/16)?
9
Let s(q) = -3*q + 7. Let j(v) = 10*v - 20. Let i(p) = 2*j(p) + 7*s(p). What is the units digit of i(3)?
6
Let p = -11 - -92. What is the units digit of ((-2)/(-3))/(6/p)?
9
Suppose 0*g + g = 2*j + 9, -3*j - 5*g - 7 = 0. What is the units digit of j/5 + (-445)/(-25)?
7
Let q(j) = -j**3 - 9*j**2 - 2*j + 9. Let v(h) = 3*h**3 + 26*h**2 + 5*h - 26. Let g(y) = -8*q(y) - 3*v(y). What is the tens digit of g(-7)?
4
What is the units digit of 5 + 3 + -7 - -304?
5
Let y = 114 - 87. What is the units digit of y?
7
Let t = 59 + -35. What is the units digit of (-16)/t - 52/(-6)?
8
Suppose 3*t = -0*t + 6. Suppose 6*i = t*i + 76. Let k = i - 3. What is the tens digit of k?
1
Let q be 14/49 - (-66)/14. Let f(h) = -h**3 + 6*h**2 - 2*h - 1. What is the units digit of f(q)?
4
Suppose 4*l = 4*v + 24, v + 15 = 2*l - 4*v. Suppose 4*s - 52 = l*x - 0*x, 2*s = -4*x. What is the units digit of s?
8
Let d be (-5)/(-10)*(5 + 1). Suppose 2*n + 2*t = 44, -n + 46 = -2*t - d*t. What is the tens digit of n?
2
Let c = -3 + 8. Suppose -a = -c*a. Let g = a - -9. What is the units digit of g?
9
Let s = -48 - -69. What is the units digit of s?
1
Suppose 4*x + 4*u - 15 = 3*x, 5*x - 155 = -4*u. Let g(c) = -3*c - 7. Let y be g(6). Let r = x + y. What is the tens digit of r?
1
Suppose 4*q - 5*m - 4 = 6*q, 4*q - 20 = 4*m. Suppose 0 = q*w + 5*i - 28, -35 = -w - 2*w + 2*i. What is the units digit of w?
1
Suppose 85 = 2*q - 59. Suppose -8*p + q = -4*p. What is the units digit of p?
8
Let u be (2 - 3) + 2 + 0. What is the units digit of u/(-2) + 627/22?
8
Let t = -13 + 21. What is the units digit of t/10*(-105)/(-14)?
6
Let t = 43 + -26. What is the tens digit of t?
1
Suppose -3 = -4*j + 25. Suppose 2*t + 0*t - 28 = -2*g, 3*g - t = 30. Let b = g - j. What is the units digit of b?
4
Let m(k) = -4*k**3 + 2*k**2 - 1. Let n be m(-1). Suppose -n*o = -12 + 2. What is the units digit of o?
2
Let a = 30 + -23. What is the units digit of a?
7
Let o be ((-3)/1 - -39) + 2. Suppose 34 = 4*t - 4*c - o, c - 52 = -4*t. What is the units digit of t?
4
What is the tens digit of 1 + 12 - 0*(-5)/(-25)?
1
Suppose 2*c - 2 = -4*r, 7*r - 2*r + 4*c + 2 = 0. Let f = r - -5. Let t = f - -2. What is the units digit of t?
9
What is the hundreds digit of (-16 + -30)/((-4)/10)?
1
Let l(r) = 9*r**2 + 3*r - 2. Let f be l(2). Suppose -7 = 3*t - f. What is the units digit of t?
1
Suppose 0*j - 408 = -5*j + 2*k, -k = 5*j - 411. Suppose 3*f - j = -10*d + 5*d, -2*d = -f + 31. What is the units digit of f?
9
Suppose -4*o = -4*w - 4, 0 = 3*o - 6*o + 12. Suppose 0 = -i + w. What is the units digit of i?
3
Let g = 99 - 46. Suppose -5*t + g = 2*u, -13 + 5 = -2*u. Let b = t - 3. What is the units digit of b?
6
Let u(m) = m**2 - 17. What is the tens digit of u(10)?
8
Let j(i) = -i + 1. Let q(x) = 6*x + 3. Let t(f) = 10*j(f) + 2*q(f). What is the units digit of t(-7)?
2
Suppose 0 = f - 6*f. Suppose f*m - 4*m = -12. Suppose -m*x + 51 = 3*d + d, -d - 2*x + 19 = 0. What is the units digit of d?
9
Suppose 2*b = -2 + 24. Let r = -3 + b. What is the units digit of r?
8
Suppose -9*h + 2*h + 441 = 0. What is the units digit of h?
3
Suppose -3*q = 5*d - 6*q - 957, -2*d + 5*q = -398. Suppose 4*a + d = 25. Let n = -21 - a. What is the tens digit of n?
2
Let p be (4/(-2))/(2/(-2)). Suppose -6 - 4 = 5*v, 0 = -4*x + p*v + 28. What is the units digit of x?
6
Suppose 4*s + 4 = 5*s. Let u = s - 3. Let j = 0 + u. What is the units digit of j?
1
Let f(n) = 7*n - 13. What is the units digit of f(7)?
6
Let d = -1 - -5. Let j(z) = -d*z**2 - 9 + 7*z + z**3 - 3*z**2 + 2*z. What is the units digit of j(6)?
9
Suppose 0 = 3*c + c - 152. What is the tens digit of c?
3
Let n be 2/(-4) - 124/8. What is the units digit of 24/n*2*-1?
3
Suppose -8 = -2*p - 0*p. Let a(q) = -q**2 + 5*q + 4. Let b be a(6). What is the units digit of (-1 - -9) + p/b?
6
Let p(g) = g**3 - 4*g**2 - 6*g + 4. Let x be p(5). Let l = x + 3. What is the units digit of l?
2
Let i(m) = -m**2 - 2*m - 2. Let r be i(-7). Let j(x) = -6*x**2 + x. Let f be j(-2). Let q = f - r. What is the tens digit of q?
1
Let o be 2 + 1*(-1 + 0). What is the uni